{"id":39,"date":"2017-08-17T16:38:19","date_gmt":"2017-08-17T16:38:19","guid":{"rendered":"http:\/\/bielefelder-baeche.de\/?page_id=39"},"modified":"2023-04-23T22:28:43","modified_gmt":"2023-04-23T22:28:43","slug":"kontaktimpressum","status":"publish","type":"page","link":"https:\/\/bielefelder-baeche.de\/?page_id=39","title":{"rendered":"Kontakt+Impressum"},"content":{"rendered":"<p><a href=\"http:\/\/www.bund-bielefeld.de\"><img loading=\"lazy\" decoding=\"async\" class=\"alignnone wp-image-40 size-medium\" src=\"http:\/\/bielefelder-baeche.de\/wp-content\/uploads\/2017\/08\/BUNDlogo-2012-4c-o.T-1-300x154.jpg\" alt=\"\" width=\"300\" height=\"154\" srcset=\"https:\/\/bielefelder-baeche.de\/wp-content\/uploads\/2017\/08\/BUNDlogo-2012-4c-o.T-1-300x154.jpg 300w, https:\/\/bielefelder-baeche.de\/wp-content\/uploads\/2017\/08\/BUNDlogo-2012-4c-o.T-1.jpg 596w\" sizes=\"auto, (max-width: 300px) 85vw, 300px\" \/><\/a><\/p>\n<p><strong>Herausgeber:<\/strong><\/p>\n<p><a href=\"http:\/\/bielefeld.bund.net\">Bund f\u00fcr Umwelt und Naturschutz Deutschland<\/a><br \/>\nKreisgruppe Bielefeld<br \/>\nAugust-Bebel-Str. 16-18<br \/>\n33607 Bielefeld<\/p>\n<p><strong>Redaktion:<\/strong><\/p>\n<p><a href=\"http:\/\/www.all-you-need-is-words.de\">All you need is words! <\/a>Bielefeld<br \/>\nin Zusammenarbeit mit Jens J\u00fcrgen Korff<\/p>\n<p>Diese Website erscheint dank einer <a href=\"https:\/\/www.mhkbg.nrw\/themen\/heimat\/heimat-foerderprogramm\">F\u00f6rderung des Ministeriums f\u00fcr Heimat usw. des Landes Nordrhein-Westfalen<\/a> sowie mit freundlicher Unterst\u00fctzung des Bielefelder IT-Kompetenznetzwerks <a href=\"http:\/\/www.bikonet.de\">BIKONET<\/a>.<\/p>\n<p>&#8222;Bielefelder B\u00e4che&#8220; ist eine realisierte Idee von <a href=\"http:\/\/jejko.de\/baeche\">Jens J\u00fcrgen Korff<\/a>.<\/p>\n<p><b><strong><em>Haftung f\u00fcr Verweise und Links<\/em><\/strong><\/b><br \/>\nEs wird darauf hingewiesen, dass Links von den Seiten des BUND-Auftrittes zu externen Anbietern f\u00fchren, sobald der Rahmen von bielefelder-baeche.de verlassen wird und die Seiten gesondert gekennzeichnet sind. F\u00fcr die Richtigkeit des Inhalts der externen Seiten \u00fcbernimmt der BUND keine Verantwortung, vielmehr unterliegen sie der Haftung der jeweiligen Anbieter. Dies gilt auch f\u00fcr die Rechtm\u00e4\u00dfigkeit\u00a0 oder die Erf\u00fcllung von Urheberrechtsbestimmungen der verlinkten Seiten sowie f\u00fcr deren Aktualit\u00e4t. Durch eine Verlinkung auf externe Seiten macht sich der BUND diese nicht zu Eigen. Vielmehr dienen die Links und Inhalte dem Informationsaustausch und begr\u00fcnden keine gesch\u00e4ftlichen Beziehungen irgendeiner Art. Der BUND distanziert sich ausdr\u00fccklich von eventuell rechtswidrigen Inhalten der verlinkten Seiten. Der Inhalt der Seiten wird nur zum Zeitpunkt der Aufnahme gepr\u00fcft.<\/p>\n<p><em><b><strong>Haftungsausschluss<\/strong><\/b><br \/>\n<\/em>Der Inhalt der Webseiten\u00a0von bielefelder-baeche.de wurde sorgf\u00e4ltig gepr\u00fcft und bearbeitet, erhebt jedoch keinen Anspruch auf Vollst\u00e4ndigkeit. Der Webmaster \u00fcbernimmt keinerlei Gew\u00e4hr f\u00fcr Aktualit\u00e4t, Korrektheit, Vollst\u00e4ndigkeit oder Qualit\u00e4t der bereitgestellten Informationen. Au\u00dferdem beh\u00e4lt sich der Webmaster ausdr\u00fccklich vor, Teile der Seiten oder das gesamte Angebot ohne gesonderte Ank\u00fcndigung zu ver\u00e4ndern, zu erg\u00e4nzen, zu l\u00f6schen oder die Ver\u00f6ffentlichung einzustellen.<\/p>\n<p><em><b><strong>Urheberrechtshinweise<\/strong><\/b><br \/>\n<\/em>Die Webseiten von bielefelder-baeche.de und deren Inhalte unterliegen dem deutschen Leistungsschutz- und Urheberrecht. Jede vom Urheberrecht nicht zugelassene Verwertung bedarf vorheriger schriftlicher Zustimmung der Anbieter. Fotokopien oder Downloads von Web-Seiten d\u00fcrfen nur f\u00fcr den pers\u00f6nlichen, privaten und nicht-kommerziellen Gebrauch hergestellt werden.<\/p>\n<h2 class=\"rte-heading \">Datenschutzerkl\u00e4rung<\/h2>\n<div class=\"ce-textpic ce-right ce-intext\">\n<div class=\"ce-bodytext\">\n<p>Der Schutz Ihrer personenbezogenen Daten bei der Erhebung, Verarbeitung und Nutzung anl\u00e4sslich Ihres Besuchs auf unserer Homepage ist uns ein wichtiges Anliegen. Ihre Daten werden im Rahmen der gesetzlichen Vorschriften gesch\u00fctzt.<\/p>\n<p><a href=\"https:\/\/www.bund-nrw.de\/der-bund-nrw\/datenschutz\/\">Hier finden Sie alle Informationen zum Datenschutz beim BUND.<\/a><\/p>\n<\/div>\n<\/div>\n","protected":false},"excerpt":{"rendered":"<p>Herausgeber: Bund f\u00fcr Umwelt und Naturschutz Deutschland Kreisgruppe Bielefeld August-Bebel-Str. 16-18 33607 Bielefeld Redaktion: All you need is words! Bielefeld in Zusammenarbeit mit Jens J\u00fcrgen Korff Diese Website erscheint dank einer F\u00f6rderung des Ministeriums f\u00fcr Heimat usw. des Landes Nordrhein-Westfalen sowie mit freundlicher Unterst\u00fctzung des Bielefelder IT-Kompetenznetzwerks BIKONET. &#8222;Bielefelder B\u00e4che&#8220; ist eine realisierte Idee von &hellip; <a href=\"https:\/\/bielefelder-baeche.de\/?page_id=39\" class=\"more-link\"><span class=\"screen-reader-text\">\u201eKontakt+Impressum\u201c <\/span>weiterlesen<\/a><\/p>\n","protected":false},"author":1,"featured_media":0,"parent":0,"menu_order":3,"comment_status":"closed","ping_status":"closed","template":"","meta":{"footnotes":""},"class_list":["post-39","page","type-page","status-publish","hentry"],"_links":{"self":[{"href":"https:\/\/bielefelder-baeche.de\/index.php?rest_route=\/wp\/v2\/pages\/39","targetHints":{"allow":["GET"]}}],"collection":[{"href":"https:\/\/bielefelder-baeche.de\/index.php?rest_route=\/wp\/v2\/pages"}],"about":[{"href":"https:\/\/bielefelder-baeche.de\/index.php?rest_route=\/wp\/v2\/types\/page"}],"author":[{"embeddable":true,"href":"https:\/\/bielefelder-baeche.de\/index.php?rest_route=\/wp\/v2\/users\/1"}],"replies":[{"embeddable":true,"href":"https:\/\/bielefelder-baeche.de\/index.php?rest_route=%2Fwp%2Fv2%2Fcomments&post=39"}],"version-history":[{"count":8,"href":"https:\/\/bielefelder-baeche.de\/index.php?rest_route=\/wp\/v2\/pages\/39\/revisions"}],"predecessor-version":[{"id":647,"href":"https:\/\/bielefelder-baeche.de\/index.php?rest_route=\/wp\/v2\/pages\/39\/revisions\/647"}],"wp:attachment":[{"href":"https:\/\/bielefelder-baeche.de\/index.php?rest_route=%2Fwp%2Fv2%2Fmedia&parent=39"}],"curies":[{"name":"wp","href":"https:\/\/api.w.org\/{rel}","templated":true}]}}