{"id":46,"date":"2017-08-17T17:00:22","date_gmt":"2017-08-17T17:00:22","guid":{"rendered":"http:\/\/bielefelder-baeche.de\/?page_id=46"},"modified":"2026-04-11T21:52:12","modified_gmt":"2026-04-11T21:52:12","slug":"baecheliste","status":"publish","type":"page","link":"https:\/\/bielefelder-baeche.de\/?page_id=46","title":{"rendered":"B\u00e4cheliste"},"content":{"rendered":"\n<h2 class=\"wp-block-heading\">37 Bielefelder B\u00e4che<\/h2>\n\n\n\n<p>zusammengestellt von Jens J\u00fcrgen Korff, Projektleiter des BUND-Projekts &#8222;Bielefelder B\u00e4che&#8220;:<\/p>\n\n\n\n<figure class=\"wp-block-image\"><img decoding=\"async\" src=\"https:\/\/vg07.met.vgwort.de\/na\/30883861324941ac87f078054806f657\" alt=\"\"\/><\/figure>\n\n\n\n<figure class=\"wp-block-table\"><table class=\"has-fixed-layout\"><tbody><tr><td><strong>Name<\/strong><\/td><td><strong>Stadtteil<\/strong><\/td><td><strong>bekannte Orte am Bach<\/strong><\/td><td><strong>Bachsystem<\/strong><\/td><\/tr><tr><td>1.&nbsp; <a href=\"https:\/\/bielefelder-baeche.de\/?p=119\">Aa<\/a><\/td><td>Milse, Brake<\/td><td>Milser M\u00fchle<\/td><td>Johannisbach + Lutter II &gt; Aa &gt; Werre<\/td><\/tr><tr><td>2.&nbsp; <a href=\"https:\/\/bielefelder-baeche.de\/?p=259\">Baderbach<\/a><\/td><td>Stieghorst, Heepen<\/td><td>Gr\u00fcnzug Stieghorst; M\u00fcndung oberhalb Meyer zu Heepen<\/td><td>Lutter II<\/td><\/tr><tr><td>3.&nbsp; <a href=\"https:\/\/bielefelder-baeche.de\/?p=323\">Beckendorfer M\u00fchlenbach<\/a><\/td><td>H\u00e4ger, Schr\u00f6ttinghausen, J\u00f6llenbeck, Babenhausen<\/td><td>Bargholzstr.; Beckendorfstr.; M\u00fcndung oberhalb K\u00f6ckerhof<\/td><td>Schwarzbach<\/td><\/tr><tr><td>4. <a href=\"https:\/\/bielefelder-baeche.de\/?p=714\" data-type=\"post\" data-id=\"714\">Br\u00f6nninghauser Bach<\/a> (Oberlauf: Frordisser Bach)<\/td><td>Ubbedissen, Hillegossen, Dingerdissen, Heepen<\/td><td>Sportplatz Ubbedissen, Linnenstra\u00dfe, Dingerdisser Stra\u00dfe<\/td><td>Windwehe<\/td><\/tr><tr><td>5.&nbsp; <a href=\"https:\/\/bielefelder-baeche.de\/?p=388\">Bohnenbach<\/a><\/td><td>Bethel, Gadderbaum<\/td><td>Remterweg; Bohnenbachweg<\/td><td>Lutter II<\/td><\/tr><tr><td>6.&nbsp; <a href=\"https:\/\/de.wikipedia.org\/wiki\/Dalke\">Bullerbach<\/a><\/td><td>Sennestadt, Eckardtsheim<\/td><td>Jesus-Christus-Kirche; Sennestadtring<\/td><td>B. + Sprungbach &gt; Dalke &gt; Ems<\/td><\/tr><tr><td>7.&nbsp; Elpke<\/td><td>Sieker, Stieghorst<\/td><td><\/td><td>Baderbach<\/td><\/tr><tr><td>8.&nbsp; <a href=\"https:\/\/bielefelder-baeche.de\/?p=356\">Finkenbach<\/a><\/td><td>Oststadt, Heepen<\/td><td>Am Finkenbach; Gustav-Stute-Weg<\/td><td>Lutter II<\/td><\/tr><tr><td>9.&nbsp; <a href=\"https:\/\/bielefelder-baeche.de\/?p=379\">Fu\u00dfbach<\/a><\/td><td>Gadderbaum, Bielefeld<\/td><td>Johannistal (Tierpark)<\/td><td>Lutter II<\/td><\/tr><tr><td>10.&nbsp; &nbsp; <a href=\"http:\/\/bielefelder-baeche.de\/?p=13\">Gellershagener Bach<\/a><\/td><td>Gellershagen, Schildesche<\/td><td>Gr\u00fcnzug Wellensiek;&nbsp; Bultkampmeile<\/td><td>Schlosshofbach<\/td><\/tr><tr><td>11. <a href=\"https:\/\/bielefelder-baeche.de\/?p=443\">Hasbach<\/a> (Oberlauf: Klosterbach)<\/td><td>Kirchdornberg, Gro\u00dfdornberg, Niederdornberg, Babenhausen<\/td><td>Kreuzkrug; Hasbachtal<\/td><td>Schwarzbach<\/td><\/tr><tr><td>12. Holzbach<\/td><td>Kammerratsheide, Heepen<\/td><td>Heeper Fichten; Radweg n\u00f6rdl. um Heepen<\/td><td>Finkenbach<\/td><\/tr><tr><td>13. Hungerbach<\/td><td>Altenhagen<\/td><td>Kusenweg\/ Br\u00f6nninghauser Str.<\/td><td>Windwehe<\/td><\/tr><tr><td>14. <a href=\"https:\/\/bielefelder-baeche.de\/?p=119\">Johannisbach<\/a><\/td><td>Hoberge-Uerentrup, Babenhausen, Theesen, Schildesche, Milse<\/td><td>Poetenweg; Freibad Dornberg; Stifts\u00adm\u00fchle; Obersee; Johannisbach\u00adaue<\/td><td>Aa<\/td><\/tr><tr><td>15. <a href=\"https:\/\/bielefelder-baeche.de\/?p=305\">J\u00f6lle<\/a><\/td><td>J\u00f6llenbeck, Vilsendorf, Schildesche<\/td><td>Gr\u00fcnzug J\u00f6llenbeck; M\u00fcndung in den Obersee<\/td><td>Johannisbach<\/td><\/tr><tr><td>16. <a href=\"https:\/\/bielefelder-baeche.de\/?p=430\">Krebsbach<\/a><\/td><td>Kirchdornberg, Hoberge-Uerentrup, Lohmannshof<\/td><td>Am Krebsbach; An der Krebskuhle\/Twellbachtal<\/td><td>Johannisbach<\/td><\/tr><tr><td>17. <a href=\"https:\/\/de.wikipedia.org\/wiki\/Lichtebach\">Lichtebach<\/a> (Unterlauf: W\u00f6stenbach)<\/td><td>Quelle, Ummeln, Holtkamp, Hollen, Marienfeld<\/td><td>Schulbauernhof Ummeln<\/td><td>Lutter I<\/td><\/tr><tr><td>18. Lonnerbach<\/td><td>Sieker, Oststadt<\/td><td>Gartenanlage Brands Busch, Lipper Hellweg<\/td><td>Lutter II<\/td><\/tr><tr><td>19.&nbsp; <a href=\"http:\/\/bielefelder-baeche.de\/?p=63\">Lutter I&nbsp;<\/a><br><br>(Ems-Lutter)<\/td><td>Brackwede, Quelle, Ummeln, Isselhorst, G\u00fctersloh, Marienfeld, Harsewinkel<\/td><td>Freibad Quelle;&nbsp; Niem\u00f6llers M\u00fchle<\/td><td>Ems<\/td><\/tr><tr><td>20. <a href=\"https:\/\/bielefelder-baeche.de\/?p=193\">Lutter II&nbsp;<\/a><br><br>(Weser-Lutter)<\/td><td>Brackwede, Gadderbaum, Bielefeld, Oststadt, Heepen, Baumheide, Milse<\/td><td>Adenauerplatz; Park der Menschenrechte; Stauteiche I, II, III<\/td><td>Johannisbach + L. &gt; Aa &gt; Werre<\/td><\/tr><tr><td>21. <a href=\"https:\/\/bielefelder-baeche.de\/?p=509\">Menkhauser Bach, Schopke, Menkebach<\/a><\/td><td>Oerlinghausen, Lipperreihe, Dalbke, Schloss Holte, Sende<\/td><td>Schopketalweg; Dalbke; Beckhof<\/td><td>Dalke<\/td><\/tr><tr><td>22. Meyerbach<\/td><td>Stieghorst, Oldentrup<\/td><td>Hof Meyer zu Stieghorst, Potsdamer Str.<\/td><td>Stieghorster Bach<\/td><\/tr><tr><td>23. Moorbach<\/td><td>J\u00f6llenbeck, Theesen, Vilsendorf, Schildesche<\/td><td>Naturstadion; Moorbachtal (Theesen); M\u00fcndung obh. der Stiftsm\u00fchle<\/td><td>Johannisbach<\/td><\/tr><tr><td>24. <a href=\"https:\/\/bielefelder-baeche.de\/?p=287\">M\u00fchlenbach<\/a><\/td><td>Sieker, Oststadt<\/td><td>Am Wiehagen; Westfalenkolleg; Br\u00fcckenstr.; Heidsiekstr.<\/td><td>Baderbach<\/td><\/tr><tr><td>25. <a href=\"https:\/\/bielefelder-baeche.de\/?p=222\">Oldentruper Bach<\/a> (Oberlauf: Selhausenbach)<\/td><td>Hillegossen, Oldentrup, Heepen<\/td><td>Gr\u00fcnzug am \u00d6lteich<\/td><td>Forellenbach &gt; O. B. &gt; Windwehe<\/td><\/tr><tr><td>26. <a href=\"https:\/\/de.wikipedia.org\/wiki\/Reiherbach_%28Lutter%29\">Reiherbach<\/a><\/td><td>Buschkamp, Windelsbleiche, Windfl\u00f6te, Ummeln, Isselhorst<\/td><td>Rieselfelder Windel; Hof Ramsbrock<\/td><td>Lutter I<\/td><\/tr><tr><td>27. <a href=\"https:\/\/bielefelder-baeche.de\/?p=107\">Schlosshofbach<\/a><\/td><td>Gellershagen, Nordstadt, Schildesche<\/td><td>Schlosshof (Bar Celona); Meierteiche; Bultkampmeile<\/td><td>Johannisbach<\/td><\/tr><tr><td>28. <a href=\"https:\/\/bielefelder-baeche.de\/?p=332\">Schwarzbach<\/a><\/td><td>Werther, Deppendorf, Babenhausen<\/td><td>Haus Werther; Wasserm\u00fchle Deppendorf<\/td><td>Johannisbach<\/td><\/tr><tr><td>29. Sieben-Teiche-Bach<\/td><td>Brake<\/td><td>Sieben-Teiche-Gr\u00fcnzug<\/td><td>Aa<\/td><\/tr><tr><td>30. <a href=\"https:\/\/bielefelder-baeche.de\/?p=280\">Stieghorster Bach<\/a><\/td><td>Stieghorst, Oldentrup<\/td><td>Oldentruper Park<\/td><td>Oldentruper Bach<\/td><\/tr><tr><td>31. Sudbrackbach<\/td><td>Nordstadt, Schildesche<\/td><td><\/td><td>Schlosshofbach<\/td><\/tr><tr><td>32. <a href=\"https:\/\/bielefelder-baeche.de\/?p=460\">Tr\u00fcggelbach<\/a><\/td><td>S\u00fcdwestfeld, Ummeln<\/td><td>Tr\u00fcggelbachstr.<\/td><td>Lutter I<\/td><\/tr><tr><td>33.&nbsp; <a href=\"https:\/\/bielefelder-baeche.de\/?p=469\">T\u00fcterbach<\/a><\/td><td>Brackwede, Ummeln<\/td><td><\/td><td>Tr\u00fcggelbach<\/td><\/tr><tr><td>34. <a href=\"https:\/\/bielefelder-baeche.de\/?p=420\">Twellbach<\/a><\/td><td>Hoberge-Uerentrup<\/td><td>M\u00fcndung am Poetenweg<\/td><td>Johannisbach<\/td><\/tr><tr><td>35. Vogelbach<\/td><td>Altenhagen, Heepen, Baumheide<\/td><td>Robert-Nacke-Stra\u00dfe, Wiesenstra\u00dfe<\/td><td>Lutter II<\/td><\/tr><tr><td>36. Wellbach<\/td><td>Kammerratsheide, Baumheide<\/td><td>J\u00f6llheide; Schelpmilser Weg<\/td><td>Lutter II<\/td><\/tr><tr><td>37. <a href=\"https:\/\/bielefelder-baeche.de\/?p=706\" data-type=\"post\" data-id=\"706\">Windwehe<\/a> (Oberlauf: Fettpottbach)<\/td><td>Greste, Bechterdissen, Heepen<\/td><td>M\u00fchle Meyer zu Bentrup (Salzufler Str.)<\/td><td>Lutter II<\/td><\/tr><\/tbody><\/table><\/figure>\n","protected":false},"excerpt":{"rendered":"<p>37 Bielefelder B\u00e4che zusammengestellt von Jens J\u00fcrgen Korff, Projektleiter des BUND-Projekts &#8222;Bielefelder B\u00e4che&#8220;: Name Stadtteil bekannte Orte am Bach Bachsystem 1.&nbsp; Aa Milse, Brake Milser M\u00fchle Johannisbach + Lutter II &gt; Aa &gt; Werre 2.&nbsp; Baderbach Stieghorst, Heepen Gr\u00fcnzug Stieghorst; M\u00fcndung oberhalb Meyer zu Heepen Lutter II 3.&nbsp; Beckendorfer M\u00fchlenbach H\u00e4ger, Schr\u00f6ttinghausen, J\u00f6llenbeck, Babenhausen Bargholzstr.; &hellip; <a href=\"https:\/\/bielefelder-baeche.de\/?page_id=46\" class=\"more-link\"><span class=\"screen-reader-text\">\u201eB\u00e4cheliste\u201c <\/span>weiterlesen<\/a><\/p>\n","protected":false},"author":1,"featured_media":0,"parent":0,"menu_order":1,"comment_status":"closed","ping_status":"closed","template":"","meta":{"footnotes":""},"class_list":["post-46","page","type-page","status-publish","hentry"],"_links":{"self":[{"href":"https:\/\/bielefelder-baeche.de\/index.php?rest_route=\/wp\/v2\/pages\/46","targetHints":{"allow":["GET"]}}],"collection":[{"href":"https:\/\/bielefelder-baeche.de\/index.php?rest_route=\/wp\/v2\/pages"}],"about":[{"href":"https:\/\/bielefelder-baeche.de\/index.php?rest_route=\/wp\/v2\/types\/page"}],"author":[{"embeddable":true,"href":"https:\/\/bielefelder-baeche.de\/index.php?rest_route=\/wp\/v2\/users\/1"}],"replies":[{"embeddable":true,"href":"https:\/\/bielefelder-baeche.de\/index.php?rest_route=%2Fwp%2Fv2%2Fcomments&post=46"}],"version-history":[{"count":17,"href":"https:\/\/bielefelder-baeche.de\/index.php?rest_route=\/wp\/v2\/pages\/46\/revisions"}],"predecessor-version":[{"id":719,"href":"https:\/\/bielefelder-baeche.de\/index.php?rest_route=\/wp\/v2\/pages\/46\/revisions\/719"}],"wp:attachment":[{"href":"https:\/\/bielefelder-baeche.de\/index.php?rest_route=%2Fwp%2Fv2%2Fmedia&parent=46"}],"curies":[{"name":"wp","href":"https:\/\/api.w.org\/{rel}","templated":true}]}}